n**2 + 2*n + 4. Let y(m) = 7*m**2 + 3*m + 6. Let u(f) = 8*t(f) - 5*y(f). Let h(d) be the first derivative of u(d). Suppose 2 = -2*a - 0. Give h(a).
-9
Let b(t) = t + 1331 - 1331 - t**2. What is b(3)?
-6
Let y(h) = 2*h - 10. Let z be y(7). Let p(i) = i**2 - 3*i - 5. Calculate p(z).
-1
Let f(t) = -t + 1. Let p(v) = -v - 1. Let n be p(3). Let o be f(n). Suppose o*r + 23 = 3. Let b(h) = h**3 + 5*h**2 + 4*h + 6. Determine b(r).
6
Let n(r) be the third derivative of 3*r**2 + 0*r + 0 + 13/6*r**3 - 1/24*r**4. Give n(6).
7
Let c(r) = r + 5. Let f = -168 - -158. Calculate c(f).
-5
Let p(q) = 14*q + 10. Let j(t) = 5*t + 3. Let m(d) = d**3 + d**2 - 1. Let o be m(2). Let n(s) = o*j(s) - 4*p(s). What is n(-3)?
-4
Let o = 1/18 - -4/9. Let r(d) be the second derivative of -d**2 - 3*d - o*d**3 + 0 - 1/12*d**4. Calculate r(-3).
-2
Let l(i) = i**2 - i. Let o be l(-2). Let c(s) be the third derivative of -2*s**2 + 1/20*s**5 + 0*s - 2/3*s**3 + 0*s**4 + 1/120*s**o + 0. Give c(-3).
-4
Let m(v) = 7*v**2 + 10*v + 21. Let g(i) = 3*i**2 + 5*i + 10. Let x(t) = -5*g(t) + 2*m(t). Calculate x(-7).
-22
Let q be (-4 + 7)*(-2)/(-3). Let n(x) = x**3 + 3 - x**2 - 4 - 4*x + 5*x**q + 0. Calculate n(-5).
-6
Suppose 17 = 3*j + 2. Let z(x) be the third derivative of -x**6/120 + x**5/12 - x**4/12 + x**3/2 - 57*x**2. Determine z(j).
-7
Let r(b) be the second derivative of -b**5/20 - b**4/4 + b**3 + 5*b**2/2 - b. Suppose 3*d - 22 = d. Suppose 1 = -3*n - d. Give r(n).
-3
Let o(b) = -b. Let h(t) = -t**3 - 3*t**2 - 3*t - 4. Let v be (-1)/(-2)*(22 - 4). Suppose 3*g = -v - 0. Let s be h(g). Calculate o(s).
-5
Let i be 3/1 + 1 + -1. Let q(b) = -3*b - 2 + 1 + 5. What is q(i)?
-5
Let u(i) be the second derivative of i**4/12 + 5*i**3/6 + 2*i**2 + 12*i. Suppose 9*p - 4*p + z = 19, 3*p + 4*z = 25. Suppose 0 = -p*n + 2*n - 5. Determine u(n).
4
Let y = 83 + -80. Let d(q) be the first derivative of 0*q + 2 - 1/3*q**y + 1/4*q**4 + q**2. Determine d(2).
8
Let r be (5 - -2) + 2 + -5. Let a(n) = -n**2 + 4 - 25*n + 6*n + 13*n + 7*n. Give a(r).
-8
Let u(f) = -2*f**2 - 3*f - 2. Let b be 4/(-6) + (-22)/(-6). Suppose 0 = -b*l - 10 + 4. Determine u(l).
-4
Let c(b) = b**2 + 9*b + 8. Let z = -5 - 3. Let k be c(z). Let m(u) = 4*u - u + 2 + k*u. Give m(-4).
-10
Suppose -q + d = -19, 4*q + 4*d = -0*d + 68. Let b be 2/10 - q/(-10). Let c(i) = i - 2. What is c(b)?
0
Let o(f) = -f + 16. Let l be o(11). Let p = l - 10. Let q(n) = n**3 + 6*n**2 + 8*n + 4. Give q(p).
-11
Let x = 9 + -7. Suppose -x*k + j + 14 - 5 = 0, -2*k - j + 7 = 0. Suppose -k*g = 20, -n - n = 2*g. Let m(f) = -f + 3. Give m(n).
-2
Let l(i) be the first derivative of -3 - i + 1/2*i**2. Calculate l(-3).
-4
Let j(l) = 7*l. Let c(r) = -r + 10. Let a be c(12). Calculate j(a).
-14
Let m(k) be the second derivative of k**4/12 + 7*k**3/6 - 9*k**2/2 - 6*k - 1. What is m(-8)?
-1
Let j be (-2)/(-4)*(0 - -6). Let o(z) = 3*z - 4. Give o(j).
5
Let r(n) be the second derivative of n**8/6720 + n**7/504 + n**6/180 + n**5/30 - n**4/3 + 2*n. Let k(h) be the third derivative of r(h). Calculate k(-4).
4
Suppose 0 = -v + 2*v + 9. Let u(n) = 8 - 4 + 4 + n. Let y be u(v). Let s(z) = 8*z. Determine s(y).
-8
Let a(t) = -t**2 + 4*t + 5. Let m(p) = p + 2. Suppose 4*x + 3*h = 14 + 1, -4*x - 2*h = -18. Let k be m(x). Let z = k + -3. Calculate a(z).
0
Let t = 2/137 - -133/274. Let j(s) be the first derivative of 2 + 3*s**3 + t*s**2 - s. What is j(1)?
9
Let z(u) = -u. Let p(y) = -y + 8. Let t(l) = -p(l) + 2*z(l). What is t(-6)?
-2
Let v = -5 - -5. Let s(g) be the third derivative of -g**6/120 - g**5/60 + g**4/24 - 5*g**3/6 - 2*g**2. What is s(v)?
-5
Let q(r) = r. Let x(a) = -3*a - 1. Let g(f) = 5*q(f) + 2*x(f). Calculate g(-2).
0
Suppose -2*o - 2*i = -20, -1 = -4*i + 15. Let m(q) = -q**2 + 5*q - 3. What is m(o)?
-9
Let k(o) = -2*o - 3*o**2 + 3*o**2 - 2*o**2 - o. Let f = 30 + -32. Determine k(f).
-2
Let p(c) be the second derivative of c**4/12 - 3*c**2/2 - c. Let y be 1 - (-2)/((-2)/1). Let d be 2 + 2 - (y - -1). Give p(d).
6
Let a(r) be the second derivative of 0 - 4*r - 1/20*r**5 + 1/2*r**2 - 5/12*r**4 - 1/3*r**3. Calculate a(-4).
-7
Suppose -10*l + 5*l - 30 = 0. Let f(t) = t + 5. Calculate f(l).
-1
Let r(a) be the first derivative of a**2/2 - 14*a + 37. Calculate r(10).
-4
Let r(i) = 2*i + 11. Let j(s) = s + 6. Let b(x) = -7*j(x) + 4*r(x). Determine b(3).
5
Let n be (-3)/(2/(-2 - 0)). Let t be (3/(-4))/(n/12). Let i(m) = -m**3 + m + 1. Let x(q) = 4*q**3 - 3*q**2 - 5*q - 1. Let k(a) = -5*i(a) - x(a). What is k(t)?
-4
Suppose 0 = 4*q - 22 - 30. Let h(o) = 14*o - 26*o - 3 + q*o. Calculate h(6).
3
Let u(w) = w**2 + 3*w - 4. Let j be 2 - (-3 + 1 + 1). Suppose -j = -g + 2. Let c = g - 8. Determine u(c).
-4
Suppose -2*u - 2*o + 1 + 7 = 0, 3*u - 4*o = -16. Let k = u + -5. Let h(l) = -3*l**3 + 0*l**3 - 5*l**2 - 2 - 2*l + 2*l**3. What is h(k)?
8
Let j be 7/(-3) + (-12)/(-36). Let i(g) = -3*g**2 - g + 4. Let a be i(j). Let x(k) = -k + 2. Calculate x(a).
8
Let x be (12/(-16))/3*-20. Let g(d) = -x - 5*d + 0 - 2*d**2 + 2. Calculate g(-3).
-6
Let s(m) = m**2 + 2*m + 2. Let g be s(-2). Let w(d) be the second derivative of 0 - 1/12*d**4 + 1/3*d**3 - 3*d + 0*d**2. Calculate w(g).
0
Suppose -4*b + 20 = -0. Suppose 2*f = 4, -b*d + 3*f - 4 = 12. Let v(a) = -a + 1. Calculate v(d).
3
Let n be 8/16 - (-14)/4. Let y(q) = -2*q**2 + 5*q + 1. Give y(n).
-11
Let b(y) = 3*y - 7. Suppose 3*k - 5*f + 7 = -0*k, -4*k = 4*f - 44. Let l(v) = v + k - v + v - 4*v. Let j(c) = 4*b(c) + 5*l(c). Give j(2).
-4
Let n = 9 + -6. Let g(j) = 3 + 2*j**2 - 5 + 0 - 2*j - 1. Give g(n).
9
Let x(p) = -p**3 + 6*p**2 - 6*p - 1. Let r = 51 + -116. Let t be r/(-15) + 2/3. Determine x(t).
-6
Let y = 8 + -6. Let u(x) = 2*x**2 - 4*x + 2. Calculate u(y).
2
Let t be 423/81 + (-4)/18. Let w(q) = -q**3 + 7*q**2 - 7*q + 1. Give w(t).
16
Let i(s) = -2 - 34*s**2 + 14*s**2 + 16*s**2. Determine i(-2).
-18
Suppose -3*x = -9, 5*v - 2*x = 4 - 0. Suppose v = o - 1. Suppose 3*p - 3 = -b + 2*p, o*b - 7 = -5*p. Let q(t) = t - 3. What is q(b)?
1
Let d(p) = p**2 + 11*p - 7. Let t(i) = -i**2 - 12*i + 8. Let l(n) = 7*d(n) + 6*t(n). Give l(-4).
-5
Let b(r) = -4*r - 3. Let s(u) = -3*u - 3. Let a(f) = 4*b(f) - 5*s(f). Let d(o) = o - 3. Let w be d(7). What is a(w)?
-1
Let h(l) be the third derivative of l**5/30 - l**4/24 + l**3/3 + l**2. Let y(m) be the first derivative of h(m). Determine y(2).
7
Let m(l) = -l**2 + 5*l - 2. Let a be m(5). Let v(o) be the first derivative of -1/2*o**2 + 1/3*o**3 + 1 - 2*o. Calculate v(a).
4
Let r(o) = o**3 - 3*o**2 - 3*o - 1. Suppose 3*z = 5*b + 28, -56 = -4*z + 6*b - 4*b. Suppose -2*y - 14 = -5*t, 0 = -5*t - 5*y + 19 + z. Calculate r(t).
3
Let b(j) = 4*j - 3. Suppose 3*c + 3*f + 9 = 0, 3*c + f + 1 - 2 = 0. Give b(c).
5
Let r = 12 - 14. Let o(u) = 1 - 2*u - 4*u**2 + 3*u**2 - u + 2*u. Give o(r).
-1
Let a(q) = -8 - q - q - 1. Let m be a(-6). Let z(k) = 12 - 1 - k - m. Calculate z(5).
3
Let j = 1 + 2. Let s(h) = h**3 + 2*h - 5*h**j - 1 + 0*h**3 - 2*h**2 + 0*h. Give s(1).
-5
Let a = 13 + -19. Let w(l) = -l**3 - 6*l**2 - l - 1. Give w(a).
5
Let n(x) = x**3 + 10*x**2 + 8*x - 1. Let r be (-868)/93 + 1/3 + 0. Determine n(r).
8
Let z(m) = -9*m - 1. Let d be 1 - (-3)/(-3)*3. Calculate z(d).
17
Let k = -24 - -18. Let u(j) = j**2 + 3*j - 7. Determine u(k).
11
Let h be 1/(2 - (-3)/(-2)). Suppose a - h = -7. Let v(n) = n**2 + 4*n. Calculate v(a).
5
Let p(d) = -4*d**3 - 5*d**2 - 4*d - 2. Let j(v) = -6*v**3 - 7*v**2 - 6*v - 3. Let g(x) = -5*j(x) + 7*p(x). Let n be (-2)/(-6)*(4 - 7). What is g(n)?
-3
Suppose 0*t - t = -2. Let f(w) be the first derivative of w**2/2 - 14. Calculate f(t).
2
Let i(w) = -12*w**2 - w + 1. Suppose 2*m = -3*r - 2*r + 31, -3*m - 6 = -3*r. Suppose 2*j = r - 3. Give i(j).
-12
Let c be 2*(3 - (-52)/(-8)). Let w(k) = -k**3 - 8*k**2 - 6*k + 4. What is w(c)?
-3
Let j(k) = k**3 + 3*k**2 + 2. Let h = 52 - 55. Give j(h).
2
Let b(f) = f**3 - f**2 + f + 1. Let z(u) = -3*u**3 + 8*u**2 - u - 6. Let l(t) = -4*b(t) - z(t). Give l(-3).
2
Let z(i) be the first derivative of 1/3*i**3 + 0*i + 1/24*i**4 - 2 + 1/60*i**5 + i**2 + 1/120*i**6. Let d(h) be the second derivative of z(h). Give d(0).
2
Let l(t) = -t**2 + 6*t - 8. Let h = -7 + 13. Determine l(h).
-8
Let u = 4 + -2. Let s(m) = -m + 2*m - u - 1. Suppose 2*x + 7 + 1 = 0. Give s(x).
-7